6*(2 - (-7046)/4) composite?
False
Is 36/(-84) + (-396292)/(-39)*(-636)/(-28) composite?
False
Let q(r) = r + 15. Suppose 5*m + 4*a = -67, m - 4 = 3*a + 2*a. Let c be q(m). Suppose 5*l - 96 = 2*x + 2487, 0 = -4*l - c*x + 2044. Is l a composite number?
True
Let g(x) = -x**3 + 15*x**2 - 17*x + 45. Let a be g(14). Suppose 0 = 4*p - a*b - 18988, -2*b = 3*p - 4*b - 14241. Is p a composite number?
True
Suppose -22*s = -23*s + 5. Suppose 20 = -4*c, 2*i - c = -s*c - 20. Suppose i = r - 603 - 20. Is r composite?
True
Is 2040864/10 - (-13 + 2) - (-2)/(-5) prime?
False
Let v = -45 - -45. Let k be (v + -3 + 2)*1*-1. Is 2 + (212 - (2 + k)) a composite number?
False
Let n(r) = -r**3 - 8*r**2 - 11*r + 6. Suppose -2*t = -3*t - 6. Let y be n(t). Suppose g - 688 = 5*s, y*g + 5*g + 3*s = 3356. Is g a prime number?
True
Let n(t) be the third derivative of t**5/12 + 35*t**4/24 + 241*t**3/6 + t**2 - 12. Is n(-34) a prime number?
True
Let l = 3280284 + -2142583. Is l a prime number?
False
Suppose -535*q + 4*o + 5960008 = -531*q, q + 4*o = 1490027. Is q prime?
False
Let p = -66462 + 323560. Is p a composite number?
True
Suppose 5*k + 811618 = 11*k - 285440. Is k a composite number?
True
Let o(n) = n**3 + 8*n**2 - 10*n - 1. Suppose 0 = -45*x + 49*x + 36. Let h be o(x). Is (10/h + -1)/(34/379304) a prime number?
True
Suppose 158*u - 127*u - 109*u = -61963746. Is u composite?
False
Is ((-42)/105)/(2/(-1) + (-30629072)/(-15314540)) a prime number?
True
Suppose 3*b + 98 + 1 = 0. Let t be (-10)/3 - (-22)/b. Is 3 - (-2 - 200/(t/(-1))) composite?
True
Let p = 278233 + -129386. Is p a composite number?
True
Let z = 7770 + -3759. Let u(g) = -g**2 + g - 902. Let p be u(0). Let t = z + p. Is t composite?
False
Let a be (5 - -29)*(-5672)/16. Let j = a - -20322. Is j a prime number?
True
Suppose -3 = -3*f + 18. Suppose -f*s + 3*s = -3868. Is s a composite number?
False
Let m be (4/(-10))/(6/30). Let u be (3/4)/(((-77)/(-132))/7). Is 468 + u/(m + 5) + -2 a prime number?
False
Let a be 4 + (-48)/10 + 87/15. Suppose -5*p = -b + 1275, b - a*p = -p + 1271. Is b composite?
True
Suppose -v - 316833 = 2*q - 1035818, 0 = -4*v - 4*q + 2875916. Is v a composite number?
False
Let w = 16 - 11. Let p(r) be the third derivative of r**6/120 - r**5/60 - 11*r**3/6 + 7*r**2 - 4. Is p(w) a composite number?
False
Let x(g) = -g**3 + 66*g**2 + 32*g - 114. Is x(23) prime?
True
Suppose 37*i - 35*i - 206 = 0. Let t = i + -96. Suppose -t*l + 3*l = -2164. Is l a prime number?
True
Let h = 33368 - 19939. Let m = h - 4788. Is m prime?
True
Let f(k) = k**3 + 10*k**2 + 16*k - 22. Let g be f(-7). Let l(s) = s**3 - 13*s**2 + 30*s + 29. Is l(g) prime?
True
Suppose c + 4*p - 19346 = 0, -4*c + 4*p - 36531 = -114015. Suppose -c = -2*m - 3*q, -4*q + 2784 = 2*m - 16586. Is m prime?
True
Let k be (5/15*4)/((-4)/(-60)). Suppose -689705 = -k*n + 10755. Is n prime?
True
Suppose 0 = -9*r + 10774 + 23309. Let p be (0 + 3)*1 - 0. Suppose -5*s = p*z - 4307, -5*s + 518 = 5*z - r. Is s a composite number?
True
Let u(w) = -52035*w - 413. Is u(-2) prime?
True
Suppose y - 2 = -4*t, -9 = -4*y + 2*t - 19. Is (1/y)/(14/(-62188)) composite?
False
Let n be 3*(8/4)/6 + 2. Suppose n*m - m = 10. Suppose 0 = -3*q - 4*s + 4083, m*s = 3*s. Is q a prime number?
True
Suppose 16*r = 3*z + 15*r - 23, 4*z + 5*r + 1 = 0. Is z/(-39) + (-526401)/(-117) a prime number?
False
Let k(b) = 92*b**3 - 15*b**2 + 48*b - 39. Is k(8) a prime number?
True
Let g be (-16 - -11) + (1 - -4). Suppose -3*w + 755 = -g*w - 4*z, -3 = -3*z. Suppose 0 = -h + 2*h - w. Is h prime?
False
Let h be (-29 - -27)/(2/(-2324)) - -3. Suppose 9*j - h = -4*z + 10*j, 3*j = -5*z + 2930. Is z composite?
True
Suppose 4*b + 4240 = 4*t, 3*t + 89*b - 93*b - 3185 = 0. Is t composite?
True
Suppose 145103 = -4*h + 5*h - 252695. Is h a composite number?
True
Let q be (-72)/(-32) + -2 + (-30)/(-8). Suppose -q*k + 13325 = -31183. Is k composite?
True
Let j(u) = -884*u**3 + 2*u**2 - 3*u - 3. Let l be j(-2). Suppose m = -2*v + l, 7099 = m - 4*v + 2*v. Is m composite?
True
Is (-3086448)/(-96)*(1 + 1) a prime number?
True
Let b(y) = -6*y**3 + 3*y + 9. Suppose 9 + 11 = -4*p. Let u be b(p). Let h = 3571 + u. Is h a prime number?
False
Let o be (33/(-3) - 0) + 1. Let i be -6 - o - (0 - -4). Is 84 + 5 + (-3 - i) a composite number?
True
Let r(l) = 2*l - 18. Let a be r(12). Let m be (a - 0)*(-2 + 5). Let o(h) = 3*h**2 + 2*h - 5. Is o(m) composite?
True
Let o(n) = -638*n**2 + 9*n - 16. Let k be o(2). Is -3 - (k/(5 + -2) + -4) composite?
True
Suppose 0 = 9*w + 76049 - 22895. Let s = -4199 - w. Is s a composite number?
True
Suppose -27*q = 48*q - 16*q - 8916139. Is q a prime number?
True
Is 38984 - ((186 + -4)/(-13) - -5) composite?
False
Let l(f) = 1686*f**2 + f + 1. Let z be l(-1). Suppose 2*c - 326 = -z. Let d = -193 - c. Is d prime?
True
Let n be (-554)/(28/6 + -4). Let l = n - -591. Let u = l - -745. Is u a composite number?
True
Is -9 - (70 - 4)*(-14120)/15 a prime number?
True
Let k(b) = -b**3 - 33*b**2 + 68*b + 179. Is k(-49) a prime number?
False
Let r(m) = m**3 + 9*m**2 + 15*m + 63. Let n be r(-8). Suppose 4*j = -x + 2073, 4*j = n*j - 15. Is x prime?
True
Let p = 14918 - 22746. Let a = p - -11205. Is a composite?
True
Suppose -4*l - 5*s + 1281513 = 0, -320374 = -24*l + 23*l + 3*s. Is l composite?
False
Suppose 4*v = -3*j + 213691, 14*v - 71227 = -j + 11*v. Is j composite?
False
Let y be 5/(-60)*-1402 - (-4)/24. Is y/(-78)*12010/(-3) a prime number?
False
Let c(v) = 9*v**2 + 58*v + 29. Suppose 177 + 63 = 10*g. Is c(g) a composite number?
True
Let h(l) be the first derivative of 2*l**2 + 397*l + 1. Let z(w) = -w**3 + 77*w**2 - w + 77. Let b be z(77). Is h(b) prime?
True
Let j be 2/(4 + (-35646)/8912). Let k = j + -4711. Is k composite?
False
Suppose -5*j + 5*b = -1228770, -2*j = -b - 431887 - 59628. Is j a composite number?
True
Let b(v) be the second derivative of -137/6*v**3 + 0 + 11*v - 8*v**2. Is b(-7) a composite number?
True
Is (98372/8)/((-10)/2040*-6) prime?
False
Suppose -2460 = 30*z - 20*z. Let l = -137 - z. Is l composite?
False
Let c = 80 - 69. Suppose -7*r + 17 = -c. Let g(b) = 851*b - 15. Is g(r) prime?
True
Let c(d) = 340*d**2 - 13*d + 12. Let i be c(4). Suppose i = 3*m - 9189. Suppose 0*p + 3*p - m = 0. Is p a composite number?
False
Suppose 2*n = -3*r + 74685, 0*r - 4*n - 49822 = -2*r. Is r a composite number?
True
Let g = 156477 + -91396. Is g a prime number?
False
Let a(w) = 120*w**2 + 121*w - 883. Is a(60) a prime number?
True
Is (-568592 + -1)/(-9)*7/21 a prime number?
True
Suppose -439*n = -444*n + 4*c + 461823, 92394 = n - 5*c. Is n composite?
True
Let f(j) = 773*j - 120*j - 1 + 482*j - 24*j. Is f(2) composite?
False
Let s be (1/2)/((9 - 5)/16). Suppose -s*g = g - j - 2964, 2*g - 1966 = 4*j. Is g a composite number?
True
Suppose -r - 5*g = 11, 4*r + 2*g = -g + 7. Suppose -2*x - 4*a + 1338 = -r*x, -4*x - 2731 = 3*a. Let f = -288 - x. Is f a prime number?
False
Suppose 0 = -127*j + 158604 + 172231. Is j a composite number?
True
Suppose j - 104083 = -3*b + 235452, 113189 = b - 5*j. Is b a prime number?
False
Let p = -12750 - -60241. Is p a prime number?
True
Suppose 60*y - 61*y + 2 = 0. Is (-2 + y/(30/(-8945)))*-3 a composite number?
True
Suppose 27*y = 29*y - 14. Suppose -6*b = y*b + 3900. Let u = b + 962. Is u a composite number?
True
Is 9/(-6)*(205992/(-46) + 6/69) prime?
False
Let i = -43 - -41. Let g be (16/4)/(i/(-54)). Let l = g + 10. Is l a composite number?
True
Let k(r) be the third derivative of -r**5/60 - 7*r**4/24 - r**3/2 + 7*r**2. Let z be k(-7). Is 3 - (z - -5)*(-100)/4 prime?
True
Let h(g) = -1896*g**3 - 4*g - 3. Let c be h(-1). Suppose d - 2608 = 2*y + c, -5*y = -5. Is d a composite number?
False
Let u = 22813 - -7494. Is u composite?
False
Let n = 212 + -226. Is ((n/(-8))/(-1))/(16/(-73664)) a composite number?
True
Let h be 762*7*4/(-8). Let q = h - -5350. Is q composite?
False
Let s(p) be the first derivative of 16*p**3 - 16*p**3 - 13 - 3*p**2 + 25*p + 13*p**3. Is s(-8) a prime number?
False
Let x(r) = 114*r**2 + 9*r + 87. Let q be 814/(-74) + 3*1. Is x(q) prime?
False
Let d(m) = 2*m**3 - m**2 + 2*m. Let b be d(1). Let k be b*(0 - (-3 + 2)). Suppose -5*i + 2*w + 333 = 0, -k*i + 33 + 164 = -4*w. Is i a prime number?
True
Suppose 2*b + 2 = 3*b, -5*d + 17598 =